what is -78 - 1325441?
-1325530
In base 13, what is -48940 + -c7?
-48a37
In base 16, what is -6e4 - -1af1c?
1a838
In base 14, what is 2a47026 - 1?
2a47025
In base 5, what is 23001 - 32443?
-4442
In base 2, what is 1000100110001110 + 101010011111?
1001010000101101
In base 12, what is 2 + -a48b098?
-a48b096
In base 2, what is 1010010111001 - 1011000100110?
-101101101
In base 5, what is 441242 + 141242?
1133034
In base 15, what is 2091 - 2b58?
-ab7
In base 9, what is -1 - -336851345?
336851344
In base 4, what is 11 - 12202010300033?
-12202010300022
In base 2, what is 1011110111110111 - -11001000000?
1100010000110111
In base 4, what is 3211221033 + -10010?
3211211023
In base 16, what is 7f2a + -47d?
7aad
In base 4, what is 13201212 + -1010121?
12131031
In base 11, what is -265a + -1475?
-4024
In base 12, what is -18 + -3335729?
-3335745
In base 2, what is -111101110000110010100110 - 10001?
-111101110000110010110111
In base 9, what is 8062875 + 1?
8062876
In base 8, what is -1023303216 - 4?
-1023303222
In base 7, what is -1 - 44133641?
-44133642
In base 9, what is -117 - -20335148?
20335031
In base 10, what is -29184315 - 0?
-29184315
In base 10, what is 481 + -34316?
-33835
In base 3, what is -21021021 - -110220?
-20210101
In base 13, what is 2cc97784 - -5?
2cc97789
In base 3, what is 11 - -100212101211111221?
100212101211112002
In base 4, what is 12103102113 + 13132?
12103121311
In base 7, what is 44135 + -23462?
20343
In base 15, what is -ae + -16e3?
-17a2
In base 11, what is -7161a - 120?
-7173a
In base 13, what is 12 + -3140c4?
-3140b2
In base 11, what is 5 + -17730256?
-17730251
In base 10, what is -816507 - 21?
-816528
In base 9, what is 0 - 4121307?
-4121307
In base 10, what is 28 - -63640?
63668
In base 5, what is -33 + -203103022?
-203103110
In base 7, what is 621040103 - 3?
621040100
In base 6, what is 224234325 + 1?
224234330
In base 2, what is 10100001 + -11111110001110001?
-11111101111010000
In base 3, what is 11000020202210 + 110222?
11000021020202
In base 9, what is -2 - 33571005?
-33571007
In base 16, what is 78eca0 + 14?
78ecb4
In base 15, what is 1475584 - -4?
1475588
In base 11, what is -1349 + 296a3?
28355
In base 11, what is -5a06 - 11756a?
-122475
In base 5, what is 120310132 - 3331?
120301301
In base 16, what is -147a36 - -8?
-147a2e
In base 14, what is 4135 + -668?
38ab
In base 16, what is 2e8b618 + 0?
2e8b618
In base 6, what is -55 + -2234204052?
-2234204151
In base 5, what is 1101021230 + 3?
1101021233
In base 13, what is -99a + -70228?
-70bc5
In base 3, what is 2112200220 - 1222?
2112121221
In base 14, what is d932 + 86?
d9b8
In base 10, what is -9 + 942047?
942038
In base 4, what is 120020 - -213203032?
213323112
In base 10, what is 321540 - 935?
320605
In base 3, what is -220 - 112011021002?
-112011021222
In base 16, what is -6 - 2719d79?
-2719d7f
In base 14, what is -2112537c + 5?
-21125377
In base 12, what is a - -399a60?
399a6a
In base 2, what is -110111011110101000 - -11010100?
-110111011011010100
In base 7, what is 15514 + 225020?
243534
In base 3, what is -101212 - 1200012?
-2002001
In base 12, what is -10008 - -11b?
-baa9
In base 8, what is -3 + 24656703?
24656700
In base 15, what is -4e + 5a32b?
5a2cc
In base 13, what is -4700 - 415?
-4b15
In base 3, what is 111021211210121 + 11?
111021211210202
In base 13, what is -41095 + 2a5?
-40ac0
In base 10, what is -3889 - 13628?
-17517
In base 12, what is 23a92898 - -2?
23a9289a
In base 14, what is 43cb84 - 19?
43cb69
In base 8, what is -4 + 654217277?
654217273
In base 2, what is -1101001011001101100011 - 1000110?
-1101001011001110101001
In base 2, what is 1110001110000101001 + 1000110?
1110001110001101111
In base 4, what is -3 + 311233233332?
311233233323
In base 8, what is -3511263 + 557?
-3510504
In base 13, what is -2660 - -b1b?
-1842
In base 13, what is 5ab4b - -bb8?
5ba36
In base 16, what is 19 - 35a92?
-35a79
In base 7, what is -366 + 3236034?
3235335
In base 8, what is 3566241 + 25?
3566266
In base 5, what is -13223234 - -3222?
-13220012
In base 6, what is -104441235 + -11?
-104441250
In base 11, what is -2 - -46498a?
464988
In base 4, what is 20132203 - -11131?
20210000
In base 7, what is 155066 + -1134?
153632
In base 12, what is 0 - -18a7032?
18a7032
In base 10, what is -4500114 + 36?
-4500078
In base 14, what is -892 - 7172?
-7a24
In base 8, what is -5 - 357054736?
-357054743
In base 8, what is -102061323 + -2?
-102061325
In base 7, what is -464 + 421054?
420260
In base 11, what is -27 + 40877?
40850
In base 3, what is -222022 - -122202012120?
122201020021
In base 3, what is 2212001200 - 100201121?
2111100002
In base 15, what is 1a29 - bd0?
d49
In base 9, what is 13 - -482308?
482322
In base 9, what is 40763 - -664?
41537
In base 13, what is 6 + 3b4b66b?
3b4b674
In base 11, what is 9378 - 28512?
-1a145
In base 16, what is -3e82 + -eed?
-4d6f
In base 7, what is -152 + 3126341?
3126156
In base 7, what is 4206 - 2443?
1433
In base 8, what is -104065317 - -4?
-104065313
In base 15, what is -33a699 + -14?
-33a6ad
In base 2, what is 11100111101 - -10001110110110100?
10010010011110001
In base 10, what is -2808 - 346446?
-349254
In base 12, what is -272589 + -2?
-27258b
In base 6, what is -3 - 151411350?
-151411353
In base 9, what is 4 + 5431768?
5431773
In base 9, what is 23 + -235618?
-235585
In base 4, what is -13332 - 3321111?
-10001103
In base 9, what is -77 + 410720?
410632
In base 16, what is -39b317 + 1?
-39b316
In base 12, what is -221874a52 + -3?
-221874a55
In base 16, what is 1 + 69a8d3c?
69a8d3d
In base 2, what is -1000110101010 + -11010000101?
-1100000101111
In base 2, what is -100000100010110000 - -10110001011?
-100000001100100101
In base 14, what is 765dca + -5?
765dc5
In base 14, what is -1 - 1886a1c?
-1886a1d
In base 8, what is 21 - -17122411?
17122432
In base 7, what is -113333 - 3261?
-116624
In base 14, what is -1d + -8272?
-8291
In base 9, what is -1342726 - 68?
-1342805
In base 2, what is -100 + 11110011011100000111101?
11110011011100000111001
In base 11, what is -2 + 122701a2?
122701a0
In base 2, what is 0 + 100001111011010001100?
100001111011010001100
In base 7, what is -55105004 + -2?
-55105006
In base 8, what is -315054203 + 5?
-315054176
In base 9, what is 33 + 5481804?
5481837
In base 4, what is 3 + -13211330300?
-13211330231
In base 3, what is 22221111020000 - 10?
22221111012220
In base 11, what is -312882 + 2?
-312880
In base 13, what is -9269b6 - -3?
-9269b3
In base 12, what is bb - -25a32?
25b31
In base 13, what is -5 - -1640a47?
1640a42
In base 11, what is 200a0a22 + 5?
200a0a27
In base 11, what is -1312 + -26647?
-27959
In base 5, what is -202 + -214240404?
-214241111
In base 11, what is -4 + -1688732?
-1688736
In base 10, what is -1 + -5504795?
-5504796
In base 7, what is 5345 - -405?
6053
In base 2, what is 1 - -10101111101111000100100001?
10101111101111000100100010
In base 10, what is -165451 + -350?
-165801
In base 8, what is 201 - -366471?
366672
In base 4, what is -102020132021 - 11?
-102020132032
In base 12, what is -a817392 + 5?
-a817389
In base 2, what is 1011101010000110010111 + -100110?
1011101010000101110001
In base 12, what is 4baa59a + -8?
4baa592
In base 12, what is 2219b + 6826?
28a05
In base 15, what is 1 + cedad?
cedae
In base 5, what is 10 - -34144033?
34144043
In base 7, what is -34564051 + -1?
-34564052
In base 7, what is -1223 - 13545?
-15101
In base 6, what is 13 - -403430302?
403430315
In base 4, what is 11 - 1202302121?
-1202302110
In base 12, what is -40 - 2098134?
-2098174
In base 9, what is -78263 - -488?
-77664
In base 13, what is -3793244 + 4?
-3793240
In base 3, what is 1210010210101011 + -2?
1210010210101002
In base 10, what is 11 + -1605639?
-1605628
In base 12, what is a72690b + 17?
a726926
In base 10, what is 28740 + -19806?
8934
In base 12, what is 5 - -1183a06?
1183a0b
In base 6, what is 24 + -13312142?
-13312114
In base 15, what is ee - 103db?
-102dc
In base 2, what is 10110110111000111 + -101101001?
10110110001011110
In base 15, what is 1 + 4cd888?
4cd889
In base 12, what is -230 + -805ab5?
-806125
In base 10, what is -158 - 552844?
-553002
In base 10, what is 11298677 + 2?
11298679
In base 14, what is 7c781a + -6?
7c7814
In base 15, what is 10 + -51bc4d?
-51bc3d
In base 11, what is 1 + 6